{"id":81,"date":"2022-10-08T23:47:40","date_gmt":"2022-10-08T23:47:40","guid":{"rendered":"http:\/\/swa.ovh\/?page_id=81"},"modified":"2024-09-09T18:46:21","modified_gmt":"2024-09-09T18:46:21","slug":"o-swa","status":"publish","type":"page","link":"https:\/\/swa.ovh\/index.php\/o-swa\/","title":{"rendered":"O SWA"},"content":{"rendered":"\n<hr>\n\n\n\n<h3 class=\"wp-block-heading\">Szkolne Warsztaty Astronomiczne &#8211; W kosmos na piechot\u0119. W\u0119drujemy ju\u017c od siedemnastu lat&#8230;<\/h3>\n\n\n\n<p><\/p>\n\n\n\n<blockquote class=\"wp-block-quote is-layout-flow wp-block-quote-is-layout-flow\">\n<p class=\"has-large-font-size\">By\u0142em na warsztatach ju\u017c 3 razy, za ka\u017cdym razem dowiadywa\u0142em si\u0119 fascynuj\u0105cych nowych rzeczy, a raz moja prezentacja dosta\u0142a nawet wyr\u00f3\u017cnienie. Niebo w G\u00f3rach Izerskich jest przepi\u0119kne i ciesz\u0119 si\u0119 na ka\u017cd\u0105 okazj\u0119 wyjazdu tam. Jest to nie tylko okazja do poszerzenia swojej wiedzy, poznania nowych ludzi i mi\u0142ego sp\u0119dzenia czasu, ale te\u017c odpocz\u0119cie od miasta, nawet je\u017celi jest to aktywny wypoczynek. Na ka\u017cdym wyje\u017adzie zawi\u0105zywa\u0142em znajomo\u015bci, kt\u00f3re utrzymuj\u0119 do dzisiaj, a wiedza tam zdobyta rodzi we mnie za ka\u017cdym razem tylko wi\u0119ksz\u0105 ciekawo\u015b\u0107. Uwa\u017cam, \u017ce nie ma drugiego takiego uczucia jak le\u017cenie pod go\u0142ym niebem pe\u0142nym gwiazd, co\u015b magicznego i niespotykanego w mie\u015bcie. R\u00f3wnie bardzo lubi\u0119 ludzi, kt\u00f3rzy prowadz\u0105 te warsztaty oraz pana zajmuj\u0105cego si\u0119 schroniskiem&#8230;<\/p>\n\n\n\n<p class=\"has-large-font-size\">W warsztatach astronomicznych uczestniczy\u0142am po raz pierwszy w kwietniu tego roku i bardzo mi si\u0119 one spodoba\u0142y. Cudowna atmosfera, ciekawe wyk\u0142ady, uprzejmi wyk\u0142adowcy, obserwacje do p\u00f3\u017anej nocy, astrofotografia\u2026 Bardzo dobrze wspominam ten czas. To wszystko sprawi\u0142o, \u017ce z ut\u0119sknieniem czekam na kolejne cztery dni. Przez ten bardzo kr\u00f3tki okres mog\u0119 rozwija\u0107 swoje pasje, na co nie mam mo\u017cliwo\u015bci w szkole, ani nawet poza ni\u0105 w tak dobrym stopniu. Prawdopodobnie jeszcze d\u0142u\u017cej czekam na za\u0107mienie Ksi\u0119\u017cyca. W ko\u0144cu takie zjawisko, w perygeum, zdarza si\u0119 do\u015b\u0107 rzadko z perspektywy Polski. Jestem pewna, \u017ce i te warsztaty na d\u0142ugo zostan\u0105 w mojej pami\u0119ci jako wspomnienie mi\u0142o i po\u017cytecznie sp\u0119dzonego czasu&#8230;<\/p>\n\n\n\n<p class=\"has-large-font-size\">Bra\u0142am udzia\u0142 w dw\u00f3ch ostatnich Warsztatach Astronomicznych. Dochodz\u0119 do wniosku, \u017ce to nigdy si\u0119 nie znudzi! Dzienne w\u0119dr\u00f3wki i warsztaty z g\u0142ow\u0105 w chmurach oraz nocne czuwanie z g\u0142ow\u0105 w gwiazdach. Na ostatnich Warsztatach zakosztowa\u0142am troch\u0119 asrofotografii i chcia\u0142abym naumie\u0107, dowiedzie\u0107 si\u0119 wi\u0119cej. Bardzo mi si\u0119 podoba\u0142 wiecz\u00f3r &#8222;zapytaj fizyka&#8221; po obejrzeniu filmu Interstellar. Mog\u0142am te\u017c zobaczy\u0107 Saturna i od tamtej pory wiele razy namierza\u0142am go teleskopem dziel\u0105c si\u0119 jego pi\u0119knem z innymi \ud83d\ude42 Cierpi\u0119 w mie\u015bcie na chorob\u0119 o nazwie &#8222;brak czystego nieba&#8221; i uwa\u017cam, \u017ce ju\u017c najwy\u017cszy czas uzupe\u0142ni\u0107 dziury w umiej\u0119tno\u015bci orientacji na nocnym niebie. Warsztaty \u0142\u0105cz\u0105 wspania\u0142ych ludzi ze wspania\u0142ym niebem!<\/p>\n\n\n\n<p class=\"has-large-font-size\">Ile razy bym nie by\u0142, zawsze by\u0142o mi ma\u0142o &#8211; atmosfera jest wspania\u0142a, mo\u017cna si\u0119 dowiedzie\u0107 ogromnej ilo\u015bci nowych, ciekawych rzeczy, pozna\u0107 nowych ludzi, nauczy\u0107 si\u0119 pracowa\u0107 w grupie no i przede wszystkim &#8211; to niebo. Niebo w Izerach jest powodem, kt\u00f3ry przebija wszystkie inne &#8211; Dlatego nieba mo\u017cna by tam le\u017ce\u0107 i nic nie robi\u0107 przez ca\u0142y dzie\u0144, gdy\u017c ogl\u0105danie go dostarcza wra\u017ce\u0144 wystarczaj\u0105cych za wszystkie inne rzeczy jakie oferuje tego typu wyjazd. Jest to tak\u017ce mo\u017cliwo\u015b\u0107 oddechu od miasta dzi\u0119ki g\u00f3rskiemu powietrzu i innemu klimatowi. Jak dot\u0105d wszystkie wyjazdy by\u0142y wymagaj\u0105ce i zawsze by\u0142em zm\u0119czony, ale to by\u0142 ten rodzaj zm\u0119czenia, kt\u00f3ry cz\u0142owiek z ch\u0119ci\u0105 przyjmuje, a nast\u0119pnie chce poczu\u0107 ponownie. Na warsztatach mamy te\u017c dost\u0119p do teleskop\u00f3w i aparat\u00f3w, kt\u00f3re pozwalaj\u0105 robi\u0107 naprawd\u0119 \u0142adne zdj\u0119cia, samemu uda\u0142o mi si\u0119 z\u0142apa\u0107 do\u015b\u0107 wyj\u0105tkowy kadr na poprzednich. Tak wi\u0119c podsumowuj\u0105c &#8211; Jak dot\u0105d je\u017adzi\u0142em na wszystkie warsztaty kt\u00f3re mog\u0142em i planuj\u0119 ten zwyczaj kontynuowa\u0107.<\/p>\n<\/blockquote>\n\n\n\n<blockquote class=\"wp-block-quote is-layout-flow wp-block-quote-is-layout-flow\">\n<p><\/p>\n<\/blockquote>\n\n\n\n<blockquote class=\"wp-block-quote is-layout-flow wp-block-quote-is-layout-flow\">\n<p><\/p>\n<\/blockquote>\n","protected":false},"excerpt":{"rendered":"<p>Szkolne Warsztaty Astronomiczne &#8211; W kosmos na piechot\u0119. W\u0119drujemy ju\u017c od siedemnastu lat&#8230; By\u0142em na warsztatach ju\u017c 3 razy, za ka\u017cdym razem dowiadywa\u0142em si\u0119 fascynuj\u0105cych nowych rzeczy, a raz moja prezentacja dosta\u0142a nawet wyr\u00f3\u017cnienie. Niebo w G\u00f3rach Izerskich jest przepi\u0119kne i ciesz\u0119 si\u0119 na ka\u017cd\u0105 okazj\u0119 wyjazdu tam. Jest to nie tylko okazja do poszerzenia &hellip; <\/p>\n<p><a class=\"more-link btn\" href=\"https:\/\/swa.ovh\/index.php\/o-swa\/\">Czytaj dalej<\/a><\/p>\n","protected":false},"author":1,"featured_media":0,"parent":0,"menu_order":0,"comment_status":"closed","ping_status":"closed","template":"","meta":{"amp_status":"","footnotes":""},"class_list":["post-81","page","type-page","status-publish","hentry","nodate","item-wrap"],"_links":{"self":[{"href":"https:\/\/swa.ovh\/index.php\/wp-json\/wp\/v2\/pages\/81","targetHints":{"allow":["GET"]}}],"collection":[{"href":"https:\/\/swa.ovh\/index.php\/wp-json\/wp\/v2\/pages"}],"about":[{"href":"https:\/\/swa.ovh\/index.php\/wp-json\/wp\/v2\/types\/page"}],"author":[{"embeddable":true,"href":"https:\/\/swa.ovh\/index.php\/wp-json\/wp\/v2\/users\/1"}],"replies":[{"embeddable":true,"href":"https:\/\/swa.ovh\/index.php\/wp-json\/wp\/v2\/comments?post=81"}],"version-history":[{"count":14,"href":"https:\/\/swa.ovh\/index.php\/wp-json\/wp\/v2\/pages\/81\/revisions"}],"predecessor-version":[{"id":1307,"href":"https:\/\/swa.ovh\/index.php\/wp-json\/wp\/v2\/pages\/81\/revisions\/1307"}],"wp:attachment":[{"href":"https:\/\/swa.ovh\/index.php\/wp-json\/wp\/v2\/media?parent=81"}],"curies":[{"name":"wp","href":"https:\/\/api.w.org\/{rel}","templated":true}]}}