{"id":14,"date":"2022-10-08T20:44:59","date_gmt":"2022-10-08T20:44:59","guid":{"rendered":"http:\/\/swa.ovh\/?page_id=14"},"modified":"2025-02-04T18:37:23","modified_gmt":"2025-02-04T18:37:23","slug":"galeria","status":"publish","type":"page","link":"https:\/\/swa.ovh\/index.php\/galeria\/","title":{"rendered":"Galeria"},"content":{"rendered":"\n<hr>\n\n\n\n<h5 class=\"wp-block-heading\">Aby m\u00f3c przegl\u0105da\u0107  GALERI\u0118 SWA, skontaktuj si\u0119 z nami (swa@swa.ovh).<\/h5>\n\n\n\n<h5 class=\"wp-block-heading\"><a rel=\"noreferrer noopener\" href=\"http:\/\/www.swa.ovh\/galeria\/index.html\" target=\"_blank\">Wejd\u017a do galerii&#8230;<\/a><\/h5>\n\n\n\n<p><\/p>\n\n\n\n<p><\/p>\n\n\n<div class=\"wp-block-image\">\n<figure class=\"aligncenter size-large is-resized\"><a href=\"http:\/\/www.swa.ovh\/galeria\/index.html\" target=\"_blank\" rel=\" noreferrer noopener\"><img loading=\"lazy\" decoding=\"async\" width=\"1024\" height=\"678\" src=\"https:\/\/swa.ovh\/wp-content\/uploads\/2024\/09\/IMGP9615_DxO_2-1024x678.jpg\" alt=\"Orle 16.05.2013hlow\" class=\"wp-image-1281\" style=\"width:614px;height:409px\" srcset=\"https:\/\/swa.ovh\/wp-content\/uploads\/2024\/09\/IMGP9615_DxO_2-1024x678.jpg 1024w, https:\/\/swa.ovh\/wp-content\/uploads\/2024\/09\/IMGP9615_DxO_2-300x199.jpg 300w, https:\/\/swa.ovh\/wp-content\/uploads\/2024\/09\/IMGP9615_DxO_2-768x508.jpg 768w, https:\/\/swa.ovh\/wp-content\/uploads\/2024\/09\/IMGP9615_DxO_2-1536x1017.jpg 1536w, https:\/\/swa.ovh\/wp-content\/uploads\/2024\/09\/IMGP9615_DxO_2-2048x1356.jpg 2048w, https:\/\/swa.ovh\/wp-content\/uploads\/2024\/09\/IMGP9615_DxO_2-770x510.jpg 770w\" sizes=\"auto, (max-width: 1024px) 100vw, 1024px\" \/><\/a><\/figure>\n<\/div>\n\n\n<h4 class=\"wp-block-heading\">\u015acie\u017cka planetarna 2024<\/h4>\n\n\n\n<figure class=\"wp-block-gallery has-nested-images columns-default is-cropped wp-block-gallery-1 is-layout-flex wp-block-gallery-is-layout-flex\">\n<figure class=\"wp-block-image size-large\"><a href=\"https:\/\/swa.ovh\/wp-content\/uploads\/2025\/02\/eris_2048.jpg\"><img loading=\"lazy\" decoding=\"async\" width=\"1024\" height=\"683\" data-id=\"1370\" src=\"https:\/\/swa.ovh\/wp-content\/uploads\/2025\/02\/eris_2048-1024x683.jpg\" alt=\"\" class=\"wp-image-1370\" srcset=\"https:\/\/swa.ovh\/wp-content\/uploads\/2025\/02\/eris_2048-1024x683.jpg 1024w, https:\/\/swa.ovh\/wp-content\/uploads\/2025\/02\/eris_2048-300x200.jpg 300w, https:\/\/swa.ovh\/wp-content\/uploads\/2025\/02\/eris_2048-768x512.jpg 768w, https:\/\/swa.ovh\/wp-content\/uploads\/2025\/02\/eris_2048-1536x1024.jpg 1536w, https:\/\/swa.ovh\/wp-content\/uploads\/2025\/02\/eris_2048-770x513.jpg 770w, https:\/\/swa.ovh\/wp-content\/uploads\/2025\/02\/eris_2048-272x182.jpg 272w, https:\/\/swa.ovh\/wp-content\/uploads\/2025\/02\/eris_2048.jpg 2048w\" sizes=\"auto, (max-width: 1024px) 100vw, 1024px\" \/><\/a><\/figure>\n\n\n\n<figure class=\"wp-block-image size-large\"><a href=\"https:\/\/swa.ovh\/wp-content\/uploads\/2025\/02\/makemake_2048.jpg\"><img loading=\"lazy\" decoding=\"async\" width=\"1024\" height=\"683\" data-id=\"1378\" src=\"https:\/\/swa.ovh\/wp-content\/uploads\/2025\/02\/makemake_2048-1024x683.jpg\" alt=\"\" class=\"wp-image-1378\" srcset=\"https:\/\/swa.ovh\/wp-content\/uploads\/2025\/02\/makemake_2048-1024x683.jpg 1024w, https:\/\/swa.ovh\/wp-content\/uploads\/2025\/02\/makemake_2048-300x200.jpg 300w, https:\/\/swa.ovh\/wp-content\/uploads\/2025\/02\/makemake_2048-768x512.jpg 768w, https:\/\/swa.ovh\/wp-content\/uploads\/2025\/02\/makemake_2048-1536x1024.jpg 1536w, https:\/\/swa.ovh\/wp-content\/uploads\/2025\/02\/makemake_2048-770x513.jpg 770w, https:\/\/swa.ovh\/wp-content\/uploads\/2025\/02\/makemake_2048-272x182.jpg 272w, https:\/\/swa.ovh\/wp-content\/uploads\/2025\/02\/makemake_2048.jpg 2048w\" sizes=\"auto, (max-width: 1024px) 100vw, 1024px\" \/><\/a><\/figure>\n\n\n\n<figure class=\"wp-block-image size-large\"><a href=\"https:\/\/swa.ovh\/wp-content\/uploads\/2025\/02\/haumea_2048.jpg\"><img loading=\"lazy\" decoding=\"async\" width=\"1024\" height=\"683\" data-id=\"1380\" src=\"https:\/\/swa.ovh\/wp-content\/uploads\/2025\/02\/haumea_2048-1024x683.jpg\" alt=\"\" class=\"wp-image-1380\" srcset=\"https:\/\/swa.ovh\/wp-content\/uploads\/2025\/02\/haumea_2048-1024x683.jpg 1024w, https:\/\/swa.ovh\/wp-content\/uploads\/2025\/02\/haumea_2048-300x200.jpg 300w, https:\/\/swa.ovh\/wp-content\/uploads\/2025\/02\/haumea_2048-768x512.jpg 768w, https:\/\/swa.ovh\/wp-content\/uploads\/2025\/02\/haumea_2048-1536x1024.jpg 1536w, https:\/\/swa.ovh\/wp-content\/uploads\/2025\/02\/haumea_2048-770x513.jpg 770w, https:\/\/swa.ovh\/wp-content\/uploads\/2025\/02\/haumea_2048-272x182.jpg 272w, https:\/\/swa.ovh\/wp-content\/uploads\/2025\/02\/haumea_2048.jpg 2048w\" sizes=\"auto, (max-width: 1024px) 100vw, 1024px\" \/><\/a><\/figure>\n\n\n\n<figure class=\"wp-block-image size-large\"><a href=\"https:\/\/swa.ovh\/wp-content\/uploads\/2025\/02\/pluton_2048.jpg\"><img loading=\"lazy\" decoding=\"async\" width=\"1024\" height=\"683\" data-id=\"1371\" src=\"https:\/\/swa.ovh\/wp-content\/uploads\/2025\/02\/pluton_2048-1024x683.jpg\" alt=\"\" class=\"wp-image-1371\" srcset=\"https:\/\/swa.ovh\/wp-content\/uploads\/2025\/02\/pluton_2048-1024x683.jpg 1024w, https:\/\/swa.ovh\/wp-content\/uploads\/2025\/02\/pluton_2048-300x200.jpg 300w, https:\/\/swa.ovh\/wp-content\/uploads\/2025\/02\/pluton_2048-768x512.jpg 768w, https:\/\/swa.ovh\/wp-content\/uploads\/2025\/02\/pluton_2048-1536x1024.jpg 1536w, https:\/\/swa.ovh\/wp-content\/uploads\/2025\/02\/pluton_2048-770x513.jpg 770w, https:\/\/swa.ovh\/wp-content\/uploads\/2025\/02\/pluton_2048-272x182.jpg 272w, https:\/\/swa.ovh\/wp-content\/uploads\/2025\/02\/pluton_2048.jpg 2048w\" sizes=\"auto, (max-width: 1024px) 100vw, 1024px\" \/><\/a><\/figure>\n\n\n\n<figure class=\"wp-block-image size-large\"><a href=\"https:\/\/swa.ovh\/wp-content\/uploads\/2025\/02\/neptun_2048.jpg\"><img loading=\"lazy\" decoding=\"async\" width=\"1024\" height=\"683\" data-id=\"1369\" src=\"https:\/\/swa.ovh\/wp-content\/uploads\/2025\/02\/neptun_2048-1024x683.jpg\" alt=\"\" class=\"wp-image-1369\" srcset=\"https:\/\/swa.ovh\/wp-content\/uploads\/2025\/02\/neptun_2048-1024x683.jpg 1024w, https:\/\/swa.ovh\/wp-content\/uploads\/2025\/02\/neptun_2048-300x200.jpg 300w, https:\/\/swa.ovh\/wp-content\/uploads\/2025\/02\/neptun_2048-768x512.jpg 768w, https:\/\/swa.ovh\/wp-content\/uploads\/2025\/02\/neptun_2048-1536x1024.jpg 1536w, https:\/\/swa.ovh\/wp-content\/uploads\/2025\/02\/neptun_2048-770x513.jpg 770w, https:\/\/swa.ovh\/wp-content\/uploads\/2025\/02\/neptun_2048-272x182.jpg 272w, https:\/\/swa.ovh\/wp-content\/uploads\/2025\/02\/neptun_2048.jpg 2048w\" sizes=\"auto, (max-width: 1024px) 100vw, 1024px\" \/><\/a><\/figure>\n\n\n\n<figure class=\"wp-block-image size-large\"><a href=\"https:\/\/swa.ovh\/wp-content\/uploads\/2025\/02\/uran_2048.jpg\"><img loading=\"lazy\" decoding=\"async\" width=\"1024\" height=\"683\" data-id=\"1376\" src=\"https:\/\/swa.ovh\/wp-content\/uploads\/2025\/02\/uran_2048-1024x683.jpg\" alt=\"\" class=\"wp-image-1376\" srcset=\"https:\/\/swa.ovh\/wp-content\/uploads\/2025\/02\/uran_2048-1024x683.jpg 1024w, https:\/\/swa.ovh\/wp-content\/uploads\/2025\/02\/uran_2048-300x200.jpg 300w, https:\/\/swa.ovh\/wp-content\/uploads\/2025\/02\/uran_2048-768x512.jpg 768w, https:\/\/swa.ovh\/wp-content\/uploads\/2025\/02\/uran_2048-1536x1024.jpg 1536w, https:\/\/swa.ovh\/wp-content\/uploads\/2025\/02\/uran_2048-770x513.jpg 770w, https:\/\/swa.ovh\/wp-content\/uploads\/2025\/02\/uran_2048-272x182.jpg 272w, https:\/\/swa.ovh\/wp-content\/uploads\/2025\/02\/uran_2048.jpg 2048w\" sizes=\"auto, (max-width: 1024px) 100vw, 1024px\" \/><\/a><\/figure>\n\n\n\n<figure class=\"wp-block-image size-large\"><a href=\"https:\/\/swa.ovh\/wp-content\/uploads\/2025\/02\/saturn_2048.jpg\"><img loading=\"lazy\" decoding=\"async\" width=\"1024\" height=\"683\" data-id=\"1373\" src=\"https:\/\/swa.ovh\/wp-content\/uploads\/2025\/02\/saturn_2048-1024x683.jpg\" alt=\"\" class=\"wp-image-1373\" srcset=\"https:\/\/swa.ovh\/wp-content\/uploads\/2025\/02\/saturn_2048-1024x683.jpg 1024w, https:\/\/swa.ovh\/wp-content\/uploads\/2025\/02\/saturn_2048-300x200.jpg 300w, https:\/\/swa.ovh\/wp-content\/uploads\/2025\/02\/saturn_2048-768x512.jpg 768w, https:\/\/swa.ovh\/wp-content\/uploads\/2025\/02\/saturn_2048-1536x1024.jpg 1536w, https:\/\/swa.ovh\/wp-content\/uploads\/2025\/02\/saturn_2048-770x513.jpg 770w, https:\/\/swa.ovh\/wp-content\/uploads\/2025\/02\/saturn_2048-272x182.jpg 272w, https:\/\/swa.ovh\/wp-content\/uploads\/2025\/02\/saturn_2048.jpg 2048w\" sizes=\"auto, (max-width: 1024px) 100vw, 1024px\" \/><\/a><\/figure>\n\n\n\n<figure class=\"wp-block-image size-large\"><a href=\"https:\/\/swa.ovh\/wp-content\/uploads\/2025\/02\/jowisz_2048.jpg\"><img loading=\"lazy\" decoding=\"async\" width=\"1024\" height=\"683\" data-id=\"1379\" src=\"https:\/\/swa.ovh\/wp-content\/uploads\/2025\/02\/jowisz_2048-1024x683.jpg\" alt=\"\" class=\"wp-image-1379\" srcset=\"https:\/\/swa.ovh\/wp-content\/uploads\/2025\/02\/jowisz_2048-1024x683.jpg 1024w, https:\/\/swa.ovh\/wp-content\/uploads\/2025\/02\/jowisz_2048-300x200.jpg 300w, https:\/\/swa.ovh\/wp-content\/uploads\/2025\/02\/jowisz_2048-768x512.jpg 768w, https:\/\/swa.ovh\/wp-content\/uploads\/2025\/02\/jowisz_2048-1536x1024.jpg 1536w, https:\/\/swa.ovh\/wp-content\/uploads\/2025\/02\/jowisz_2048-770x513.jpg 770w, https:\/\/swa.ovh\/wp-content\/uploads\/2025\/02\/jowisz_2048-272x182.jpg 272w, https:\/\/swa.ovh\/wp-content\/uploads\/2025\/02\/jowisz_2048.jpg 2048w\" sizes=\"auto, (max-width: 1024px) 100vw, 1024px\" \/><\/a><\/figure>\n\n\n\n<figure class=\"wp-block-image size-large\"><a href=\"https:\/\/swa.ovh\/wp-content\/uploads\/2025\/02\/ceres_2048.jpg\"><img loading=\"lazy\" decoding=\"async\" width=\"1024\" height=\"683\" data-id=\"1374\" src=\"https:\/\/swa.ovh\/wp-content\/uploads\/2025\/02\/ceres_2048-1024x683.jpg\" alt=\"\" class=\"wp-image-1374\" srcset=\"https:\/\/swa.ovh\/wp-content\/uploads\/2025\/02\/ceres_2048-1024x683.jpg 1024w, https:\/\/swa.ovh\/wp-content\/uploads\/2025\/02\/ceres_2048-300x200.jpg 300w, https:\/\/swa.ovh\/wp-content\/uploads\/2025\/02\/ceres_2048-768x512.jpg 768w, https:\/\/swa.ovh\/wp-content\/uploads\/2025\/02\/ceres_2048-1536x1024.jpg 1536w, https:\/\/swa.ovh\/wp-content\/uploads\/2025\/02\/ceres_2048-770x513.jpg 770w, https:\/\/swa.ovh\/wp-content\/uploads\/2025\/02\/ceres_2048-272x182.jpg 272w, https:\/\/swa.ovh\/wp-content\/uploads\/2025\/02\/ceres_2048.jpg 2048w\" sizes=\"auto, (max-width: 1024px) 100vw, 1024px\" \/><\/a><\/figure>\n\n\n\n<figure class=\"wp-block-image size-large\"><a href=\"https:\/\/swa.ovh\/wp-content\/uploads\/2025\/02\/mars_2048.jpg\"><img loading=\"lazy\" decoding=\"async\" width=\"1024\" height=\"683\" data-id=\"1377\" src=\"https:\/\/swa.ovh\/wp-content\/uploads\/2025\/02\/mars_2048-1024x683.jpg\" alt=\"\" class=\"wp-image-1377\" srcset=\"https:\/\/swa.ovh\/wp-content\/uploads\/2025\/02\/mars_2048-1024x683.jpg 1024w, https:\/\/swa.ovh\/wp-content\/uploads\/2025\/02\/mars_2048-300x200.jpg 300w, https:\/\/swa.ovh\/wp-content\/uploads\/2025\/02\/mars_2048-768x512.jpg 768w, https:\/\/swa.ovh\/wp-content\/uploads\/2025\/02\/mars_2048-1536x1024.jpg 1536w, https:\/\/swa.ovh\/wp-content\/uploads\/2025\/02\/mars_2048-770x513.jpg 770w, https:\/\/swa.ovh\/wp-content\/uploads\/2025\/02\/mars_2048-272x182.jpg 272w, https:\/\/swa.ovh\/wp-content\/uploads\/2025\/02\/mars_2048.jpg 2048w\" sizes=\"auto, (max-width: 1024px) 100vw, 1024px\" \/><\/a><\/figure>\n\n\n\n<figure class=\"wp-block-image size-large\"><a href=\"https:\/\/swa.ovh\/wp-content\/uploads\/2025\/02\/ziemia_2048.jpg\"><img loading=\"lazy\" decoding=\"async\" width=\"1024\" height=\"683\" data-id=\"1368\" src=\"https:\/\/swa.ovh\/wp-content\/uploads\/2025\/02\/ziemia_2048-1024x683.jpg\" alt=\"\" class=\"wp-image-1368\" srcset=\"https:\/\/swa.ovh\/wp-content\/uploads\/2025\/02\/ziemia_2048-1024x683.jpg 1024w, https:\/\/swa.ovh\/wp-content\/uploads\/2025\/02\/ziemia_2048-300x200.jpg 300w, https:\/\/swa.ovh\/wp-content\/uploads\/2025\/02\/ziemia_2048-768x512.jpg 768w, https:\/\/swa.ovh\/wp-content\/uploads\/2025\/02\/ziemia_2048-1536x1024.jpg 1536w, https:\/\/swa.ovh\/wp-content\/uploads\/2025\/02\/ziemia_2048-770x513.jpg 770w, https:\/\/swa.ovh\/wp-content\/uploads\/2025\/02\/ziemia_2048-272x182.jpg 272w, https:\/\/swa.ovh\/wp-content\/uploads\/2025\/02\/ziemia_2048.jpg 2048w\" sizes=\"auto, (max-width: 1024px) 100vw, 1024px\" \/><\/a><\/figure>\n\n\n\n<figure class=\"wp-block-image size-large\"><a href=\"https:\/\/swa.ovh\/wp-content\/uploads\/2025\/02\/wenus_2048.jpg\"><img loading=\"lazy\" decoding=\"async\" width=\"1024\" height=\"683\" data-id=\"1375\" src=\"https:\/\/swa.ovh\/wp-content\/uploads\/2025\/02\/wenus_2048-1024x683.jpg\" alt=\"\" class=\"wp-image-1375\" srcset=\"https:\/\/swa.ovh\/wp-content\/uploads\/2025\/02\/wenus_2048-1024x683.jpg 1024w, https:\/\/swa.ovh\/wp-content\/uploads\/2025\/02\/wenus_2048-300x200.jpg 300w, https:\/\/swa.ovh\/wp-content\/uploads\/2025\/02\/wenus_2048-768x512.jpg 768w, https:\/\/swa.ovh\/wp-content\/uploads\/2025\/02\/wenus_2048-1536x1024.jpg 1536w, https:\/\/swa.ovh\/wp-content\/uploads\/2025\/02\/wenus_2048-770x513.jpg 770w, https:\/\/swa.ovh\/wp-content\/uploads\/2025\/02\/wenus_2048-272x182.jpg 272w, https:\/\/swa.ovh\/wp-content\/uploads\/2025\/02\/wenus_2048.jpg 2048w\" sizes=\"auto, (max-width: 1024px) 100vw, 1024px\" \/><\/a><\/figure>\n\n\n\n<figure class=\"wp-block-image size-large\"><a href=\"https:\/\/swa.ovh\/wp-content\/uploads\/2025\/02\/merkury_2048.jpg\"><img loading=\"lazy\" decoding=\"async\" width=\"1024\" height=\"682\" data-id=\"1367\" src=\"https:\/\/swa.ovh\/wp-content\/uploads\/2025\/02\/merkury_2048-1024x682.jpg\" alt=\"\" class=\"wp-image-1367\" srcset=\"https:\/\/swa.ovh\/wp-content\/uploads\/2025\/02\/merkury_2048-1024x682.jpg 1024w, https:\/\/swa.ovh\/wp-content\/uploads\/2025\/02\/merkury_2048-300x200.jpg 300w, https:\/\/swa.ovh\/wp-content\/uploads\/2025\/02\/merkury_2048-768x512.jpg 768w, https:\/\/swa.ovh\/wp-content\/uploads\/2025\/02\/merkury_2048-1536x1023.jpg 1536w, https:\/\/swa.ovh\/wp-content\/uploads\/2025\/02\/merkury_2048-770x513.jpg 770w, https:\/\/swa.ovh\/wp-content\/uploads\/2025\/02\/merkury_2048-272x182.jpg 272w, https:\/\/swa.ovh\/wp-content\/uploads\/2025\/02\/merkury_2048.jpg 1957w\" sizes=\"auto, (max-width: 1024px) 100vw, 1024px\" \/><\/a><\/figure>\n\n\n\n<figure class=\"wp-block-image size-large\"><a href=\"https:\/\/swa.ovh\/wp-content\/uploads\/2025\/02\/slonce_2048.jpg\"><img loading=\"lazy\" decoding=\"async\" width=\"1024\" height=\"683\" data-id=\"1372\" src=\"https:\/\/swa.ovh\/wp-content\/uploads\/2025\/02\/slonce_2048-1024x683.jpg\" alt=\"\" class=\"wp-image-1372\" srcset=\"https:\/\/swa.ovh\/wp-content\/uploads\/2025\/02\/slonce_2048-1024x683.jpg 1024w, https:\/\/swa.ovh\/wp-content\/uploads\/2025\/02\/slonce_2048-300x200.jpg 300w, https:\/\/swa.ovh\/wp-content\/uploads\/2025\/02\/slonce_2048-768x512.jpg 768w, https:\/\/swa.ovh\/wp-content\/uploads\/2025\/02\/slonce_2048-1536x1024.jpg 1536w, https:\/\/swa.ovh\/wp-content\/uploads\/2025\/02\/slonce_2048-770x513.jpg 770w, https:\/\/swa.ovh\/wp-content\/uploads\/2025\/02\/slonce_2048-272x182.jpg 272w, https:\/\/swa.ovh\/wp-content\/uploads\/2025\/02\/slonce_2048.jpg 2048w\" sizes=\"auto, (max-width: 1024px) 100vw, 1024px\" \/><\/a><\/figure>\n<\/figure>\n","protected":false},"excerpt":{"rendered":"<p>Aby m\u00f3c przegl\u0105da\u0107 GALERI\u0118 SWA, skontaktuj si\u0119 z nami (swa@swa.ovh). Wejd\u017a do galerii&#8230; \u015acie\u017cka planetarna 2024<\/p>\n","protected":false},"author":1,"featured_media":0,"parent":0,"menu_order":0,"comment_status":"closed","ping_status":"closed","template":"","meta":{"amp_status":"","footnotes":""},"class_list":["post-14","page","type-page","status-publish","hentry","nodate","item-wrap"],"_links":{"self":[{"href":"https:\/\/swa.ovh\/index.php\/wp-json\/wp\/v2\/pages\/14","targetHints":{"allow":["GET"]}}],"collection":[{"href":"https:\/\/swa.ovh\/index.php\/wp-json\/wp\/v2\/pages"}],"about":[{"href":"https:\/\/swa.ovh\/index.php\/wp-json\/wp\/v2\/types\/page"}],"author":[{"embeddable":true,"href":"https:\/\/swa.ovh\/index.php\/wp-json\/wp\/v2\/users\/1"}],"replies":[{"embeddable":true,"href":"https:\/\/swa.ovh\/index.php\/wp-json\/wp\/v2\/comments?post=14"}],"version-history":[{"count":27,"href":"https:\/\/swa.ovh\/index.php\/wp-json\/wp\/v2\/pages\/14\/revisions"}],"predecessor-version":[{"id":1394,"href":"https:\/\/swa.ovh\/index.php\/wp-json\/wp\/v2\/pages\/14\/revisions\/1394"}],"wp:attachment":[{"href":"https:\/\/swa.ovh\/index.php\/wp-json\/wp\/v2\/media?parent=14"}],"curies":[{"name":"wp","href":"https:\/\/api.w.org\/{rel}","templated":true}]}}