{"id":1034,"date":"2023-04-10T10:59:10","date_gmt":"2023-04-10T10:59:10","guid":{"rendered":"https:\/\/swa.ovh\/?page_id=1034"},"modified":"2024-10-19T14:26:46","modified_gmt":"2024-10-19T14:26:46","slug":"wykladowcy-i-opiekunowie-2007-2022","status":"publish","type":"page","link":"https:\/\/swa.ovh\/index.php\/wykladowcy-i-opiekunowie-2007-2022\/","title":{"rendered":"Wyk\u0142adowcy i opiekunowie (2007-2024)"},"content":{"rendered":"\n<hr \/>\n\n\n\n<ol class=\"wp-block-list\">\n<li><strong>mgr Grzegorz \u017bakowicz &#8211; LO Nr XIII, Wroc\u0142aw<\/strong><\/li>\n\n\n\n<li><strong>dr Sylwester Ko\u0142oma\u0144ski &#8211; IA UWr<\/strong><\/li>\n\n\n\n<li><strong>dr Tomasz Mrozek &#8211; IA UWr, Zak\u0142ad Fizyki S\u0142o\u0144ca CBK PAN, Wroc\u0142aw<\/strong><\/li>\n\n\n\n<li><strong>dr Artur Narwid &#8211; IA UWr<\/strong><\/li>\n\n\n\n<li><strong>dr Pawe\u0142 Pre\u015b &#8211; IA UWr<\/strong><\/li>\n\n\n\n<li><strong>dr hab. Joanna Molenda-\u017bakowicz &#8211; IA UWr<\/strong><\/li>\n\n\n\n<li><strong>dr Ewa Niemczura &#8211; IA UWr<\/strong><\/li>\n\n\n\n<li><strong>dr Urszula B\u0105k-St\u0119\u015blicka &#8211; IA UWr<\/strong><\/li>\n\n\n\n<li><strong>dr Marek St\u0119\u015blicki &#8211; Zak\u0142ad Fizyki S\u0142o\u0144ca CBK PAN, Wroc\u0142aw<\/strong><\/li>\n\n\n\n<li>dr Zbigniew Ko\u0142aczkowski &#8211; IA UWr<\/li>\n\n\n\n<li><strong>prof. dr hab. Arkadiusz Berlicki &#8211; IA UWr<\/strong><\/li>\n\n\n\n<li>prof. dr hab. Alexey Pamyatnykh &#8211; Centrum Astronomiczne im. Miko\u0142aja Kopernika PAN, Warszawa<\/li>\n\n\n\n<li>mgr Janusz Krajewski &#8211; LO Nr XVII, Wroc\u0142aw<\/li>\n\n\n\n<li>mgr Margerita Niwelt &#8211; LO Nr XVII, Wroc\u0142aw<\/li>\n\n\n\n<li>mgr Ma\u0142gorzata Inglot &#8211; LO Nr XVII, Wroc\u0142aw<\/li>\n\n\n\n<li><strong>mgr Magdalena Parys-Wasylkiewicz &#8211; LO Nr XII, Wroc\u0142aw<\/strong><\/li>\n\n\n\n<li>mgr Tomasz Czarnecki &#8211; PTMA oddzia\u0142 Gliwice<\/li>\n\n\n\n<li><strong>mgr Zbigniew Kami\u0144ski &#8211; Nadle\u015bnictwo \u015awierad\u00f3w<\/strong><\/li>\n\n\n\n<li>in\u017c. Barbara Rymaszewska &#8211; Nadle\u015bnictwo \u015awierad\u00f3w<\/li>\n\n\n\n<li>mgr Dobromi\u0142a Szczepaniak &#8211; LO Nr I,Wroc\u0142aw<\/li>\n\n\n\n<li>mgr Anita Skrzyniarz &#8211; LO Nr I, Wroc\u0142aw<\/li>\n\n\n\n<li>mgr Sylwia Peternek &#8211; LO Nr I, Wroc\u0142aw<\/li>\n\n\n\n<li>mgr Katarzyna Kozie\u0142 &#8211; Gimnazjum Nr I, Wroc\u0142aw<\/li>\n\n\n\n<li><strong>mgr in\u017c. Jerzy Baranowski &#8211; LO Nr I w Sul\u0119cinie<\/strong><\/li>\n\n\n\n<li>mgr Justyna Cie\u015blak &#8211; ZSET w Rakowicach Wielkich<\/li>\n\n\n\n<li>dr Tomasz Greczy\u0142o &#8211; Instytut Fizyki Do\u015bwiadczalnej UWr<\/li>\n\n\n\n<li>dr Mieczys\u0142aw Sobik &#8211; Instytut Geografii i Rozwoju Regionalnego UWr<\/li>\n\n\n\n<li>mgr Stefan Paszkiewicz &#8211; LO im. Boles\u0142awa Prusa, Skierniewice<\/li>\n\n\n\n<li>mgr Waldemar Grabowski &#8211; LO Nr III, Zielona G\u00f3ra<\/li>\n\n\n\n<li><strong>dr Tomasz Jakubowski &#8211; Polskie Towarzystwo Meteorytowe<\/strong><\/li>\n\n\n\n<li><strong>dr Arun Kumar Awasthi &#8211; IA UWr<\/strong><\/li>\n\n\n\n<li><strong>dr Milena Ratajczak &#8211; IA UWr<\/strong><\/li>\n\n\n\n<li><strong>dr Piotr Kierzkowski &#8211; Zak\u0142ad Biologii i Ochrony Kr\u0119gowc\u00f3w UWr<\/strong><\/li>\n\n\n\n<li>mgr Robert G\u00f3ra &#8211; I LO im. Marcina Kromera w Gorlicach<\/li>\n\n\n\n<li><strong>mgr in\u017c. Dominik Gronkiewicz &#8211; Centrum Astronomiczne im. Miko\u0142aja Kopernika PAN, Warszawa<\/strong><\/li>\n\n\n\n<li>\u0141ukasz Chmielowski &#8211; student astronomii IA UWr<\/li>\n\n\n\n<li>dr Bartosz Borczyk &#8211; Instytut Biologii \u015arodowiskowej UWr<\/li>\n\n\n\n<li>mgr in\u017c. Rados\u0142aw Wn\u0119k &#8211; LO Nr XIII, Wroc\u0142aw<\/li>\n\n\n\n<li>mgr Krystyna Kosek &#8211; LO Nr XIII, Wroc\u0142aw<\/li>\n\n\n\n<li>mgr in\u017c. Miros\u0142aw Marcinkiewicz &#8211; LO Nr XIII, Wroc\u0142aw<\/li>\n\n\n\n<li><strong>dr Anna Hildebrandt-Mrozek &#8211; Movus Movere<\/strong><\/li>\n\n\n\n<li>mgr Piotr Pitura &#8211; dyrektor LO nr XIII, Wroc\u0142aw<\/li>\n\n\n\n<li>Adam Wiernasz, Polskie Towarzystwo Mi\u0142o\u015bnik\u00f3w Astronomii, Oddzia\u0142 Wroc\u0142aw<\/li>\n<\/ol>\n","protected":false},"excerpt":{"rendered":"","protected":false},"author":1,"featured_media":0,"parent":0,"menu_order":0,"comment_status":"closed","ping_status":"closed","template":"","meta":{"amp_status":"","footnotes":""},"class_list":["post-1034","page","type-page","status-publish","hentry","nodate","item-wrap"],"_links":{"self":[{"href":"https:\/\/swa.ovh\/index.php\/wp-json\/wp\/v2\/pages\/1034","targetHints":{"allow":["GET"]}}],"collection":[{"href":"https:\/\/swa.ovh\/index.php\/wp-json\/wp\/v2\/pages"}],"about":[{"href":"https:\/\/swa.ovh\/index.php\/wp-json\/wp\/v2\/types\/page"}],"author":[{"embeddable":true,"href":"https:\/\/swa.ovh\/index.php\/wp-json\/wp\/v2\/users\/1"}],"replies":[{"embeddable":true,"href":"https:\/\/swa.ovh\/index.php\/wp-json\/wp\/v2\/comments?post=1034"}],"version-history":[{"count":12,"href":"https:\/\/swa.ovh\/index.php\/wp-json\/wp\/v2\/pages\/1034\/revisions"}],"predecessor-version":[{"id":1362,"href":"https:\/\/swa.ovh\/index.php\/wp-json\/wp\/v2\/pages\/1034\/revisions\/1362"}],"wp:attachment":[{"href":"https:\/\/swa.ovh\/index.php\/wp-json\/wp\/v2\/media?parent=1034"}],"curies":[{"name":"wp","href":"https:\/\/api.w.org\/{rel}","templated":true}]}}

Wykładowcy i opiekunowie (2007-2024)

<hr />



<ol class="wp-block-list">
<li><strong>mgr Grzegorz Żakowicz &#8211; LO Nr XIII, Wrocław</strong></li>



<li><strong>dr Sylwester Kołomański &#8211; IA UWr</strong></li>



<li><strong>dr Tomasz Mrozek &#8211; IA UWr, Zakład Fizyki Słońca CBK PAN, Wrocław</strong></li>



<li><strong>dr Artur Narwid &#8211; IA UWr</strong></li>



<li><strong>dr Paweł Preś &#8211; IA UWr</strong></li>



<li><strong>dr hab. Joanna Molenda-Żakowicz &#8211; IA UWr</strong></li>



<li><strong>dr Ewa Niemczura &#8211; IA UWr</strong></li>



<li><strong>dr Urszula Bąk-Stęślicka &#8211; IA UWr</strong></li>



<li><strong>dr Marek Stęślicki &#8211; Zakład Fizyki Słońca CBK PAN, Wrocław</strong></li>



<li>dr Zbigniew Kołaczkowski &#8211; IA UWr</li>



<li><strong>prof. dr hab. Arkadiusz Berlicki &#8211; IA UWr</strong></li>



<li>prof. dr hab. Alexey Pamyatnykh &#8211; Centrum Astronomiczne im. Mikołaja Kopernika PAN, Warszawa</li>



<li>mgr Janusz Krajewski &#8211; LO Nr XVII, Wrocław</li>



<li>mgr Margerita Niwelt &#8211; LO Nr XVII, Wrocław</li>



<li>mgr Małgorzata Inglot &#8211; LO Nr XVII, Wrocław</li>



<li><strong>mgr Magdalena Parys-Wasylkiewicz &#8211; LO Nr XII, Wrocław</strong></li>



<li>mgr Tomasz Czarnecki &#8211; PTMA oddział Gliwice</li>



<li><strong>mgr Zbigniew Kamiński &#8211; Nadleśnictwo Świeradów</strong></li>



<li>inż. Barbara Rymaszewska &#8211; Nadleśnictwo Świeradów</li>



<li>mgr Dobromiła Szczepaniak &#8211; LO Nr I,Wrocław</li>



<li>mgr Anita Skrzyniarz &#8211; LO Nr I, Wrocław</li>



<li>mgr Sylwia Peternek &#8211; LO Nr I, Wrocław</li>



<li>mgr Katarzyna Kozieł &#8211; Gimnazjum Nr I, Wrocław</li>



<li><strong>mgr inż. Jerzy Baranowski &#8211; LO Nr I w Sulęcinie</strong></li>



<li>mgr Justyna Cieślak &#8211; ZSET w Rakowicach Wielkich</li>



<li>dr Tomasz Greczyło &#8211; Instytut Fizyki Doświadczalnej UWr</li>



<li>dr Mieczysław Sobik &#8211; Instytut Geografii i Rozwoju Regionalnego UWr</li>



<li>mgr Stefan Paszkiewicz &#8211; LO im. Bolesława Prusa, Skierniewice</li>



<li>mgr Waldemar Grabowski &#8211; LO Nr III, Zielona Góra</li>



<li><strong>dr Tomasz Jakubowski &#8211; Polskie Towarzystwo Meteorytowe</strong></li>



<li><strong>dr Arun Kumar Awasthi &#8211; IA UWr</strong></li>



<li><strong>dr Milena Ratajczak &#8211; IA UWr</strong></li>



<li><strong>dr Piotr Kierzkowski &#8211; Zakład Biologii i Ochrony Kręgowców UWr</strong></li>



<li>mgr Robert Góra &#8211; I LO im. Marcina Kromera w Gorlicach</li>



<li><strong>mgr inż. Dominik Gronkiewicz &#8211; Centrum Astronomiczne im. Mikołaja Kopernika PAN, Warszawa</strong></li>



<li>Łukasz Chmielowski &#8211; student astronomii IA UWr</li>



<li>dr Bartosz Borczyk &#8211; Instytut Biologii Środowiskowej UWr</li>



<li>mgr inż. Radosław Wnęk &#8211; LO Nr XIII, Wrocław</li>



<li>mgr Krystyna Kosek &#8211; LO Nr XIII, Wrocław</li>



<li>mgr inż. Mirosław Marcinkiewicz &#8211; LO Nr XIII, Wrocław</li>



<li><strong>dr Anna Hildebrandt-Mrozek &#8211; Movus Movere</strong></li>



<li>mgr Piotr Pitura &#8211; dyrektor LO nr XIII, Wrocław</li>



<li>Adam Wiernasz, Polskie Towarzystwo Miłośników Astronomii, Oddział Wrocław</li>
</ol>
